 Suppose -3*n - m + 27 = 0, -3 = n + 4*m - 23. What is the greatest common divisor of p and n?
8
Let j be -3 + (-3 + 4)*8. Suppose 2*q = q + 5. Calculate the greatest common divisor of j and q.
5
Let g be ((-4)/5)/((-14)/525). Suppose -2*b - 543 = -4*q + 3, q = -3*b + 126. Suppose -q = 3*t - 6*t. What is the greatest common factor of t and g?
15
Let m be (((-16)/12)/2)/((-3)/117). Calculate the highest common factor of 156 and m.
26
Suppose 5*d - 30 = 2*d. What is the greatest common factor of d and 25?
5
Let b = -13 - -19. Suppose 5*q + 3*w = 84, 0*w + 4*w - 10 = -q. Calculate the greatest common factor of b and q.
6
Let x(t) = 4*t**2. Let j(c) = -7*c**2 - c - 1. Let d(o) = -3*j(o) - 5*x(o). Suppose -y - 20 = 4*y. Let q be d(y). What is the highest common factor of q and 63?
7
Suppose 4*y + 18 - 70 = -4*q, 2*q = -3*y + 36. What is the greatest common factor of y and 130?
10
Suppose 2*x = -0*x + 22. Calculate the greatest common factor of x and 99.
11
Let f = 11 - 7. Suppose -5 = -4*x + 7. Suppose 3 - 15 = -x*q. What is the greatest common factor of f and q?
4
Let g = 17 + -1. Calculate the highest common factor of 32 and g.
16
Suppose 0 = d + 2*l - 263, 0 = d - l + 2*l - 262. What is the greatest common divisor of d and 29?
29
Let z be 3 + 0/(0 + 3). Suppose 0 = -3*w - d + 11, -z = 5*d - 13. Calculate the greatest common divisor of w and 24.
3
Let p = -99 + 51. Let y be p/(-4) + 3*-1. Suppose 0*t + 27 = 3*t. What is the greatest common factor of y and t?
9
Let k(c) = c - 2. Let d be k(0). Let n be 3 - (d - (1 + -5)). Let u = 2 + n. Calculate the greatest common divisor of u and 24.
3
Let r = 24 - 11. Let o(p) = -12*p**3 - p**2 + 3*p + 5. Let l be o(-2). What is the greatest common factor of r and l?
13
Suppose 4*g - 1 - 5 = 2*h, 8 = 2*g + 4*h. Let o be ((-8)/(-10))/((-2)/(-25)). Calculate the highest common factor of g and o.
2
Let j = 11 + -6. Let a = j + -1. What is the highest common divisor of a and 16?
4
Suppose w + 6 - 44 = 0. Calculate the greatest common factor of w and 133.
19
Let g be 0 - ((-824)/56 + 2/(-7)). What is the greatest common factor of g and 165?
15
Let l be (2/(-2) - 0) + 4. Let a = -1 + l. Suppose -z = a*z - 6. What is the highest common divisor of 5 and z?
1
Suppose -n + 4*u = 6, n - u = 2*u - 4. Let a be -1 + 9 + 1 + -1. Calculate the highest common divisor of a and n.
2
Suppose 11*h + 15 = 14*h. Let d be 54/10 - (-4)/(-10). What is the greatest common divisor of d and h?
5
Let g be 2/4 + 27/6. What is the highest common divisor of 5 and g?
5
Let t = 6 - -20. What is the greatest common divisor of 78 and t?
26
Let o be 34 - (-1 - (-3 + 1)). Let f be -1*(-8)/20*5. Suppose -o = -f*g - g. What is the greatest common divisor of g and 44?
11
Suppose 4*x + 4*u - 20 = 0, 2*x - 3*u = -0*x. Suppose v = -3*o + 286, x*o - 2*v = -0*v + 292. What is the highest common divisor of o and 16?
16
Suppose -y = 2*g - 4*y - 14, y = -4. Let t be (-1)/(g/(-2)) + 109. Let w = t + -67. Calculate the highest common divisor of w and 11.
11
Suppose 4*p + 3 = 5*p. Suppose d - 3 + 0 = 0. Calculate the highest common divisor of d and p.
3
Suppose 0 = -0*p - p - 4. Let h = 1 - p. Calculate the highest common divisor of 2 and h.
1
Let n be (-2)/(-3) + (-188)/(-6). Suppose 0 = -15*j + 10*j + 400. What is the highest common factor of n and j?
16
Let h be (144/21)/4*7. Calculate the greatest common divisor of 8 and h.
4
Suppose -2 = 4*c - 34. Suppose 4*q + 296 = 2*l, -4*q + 0 = c. Calculate the greatest common factor of l and 18.
18
Suppose 0 = -4*a - a. Suppose 2*q - 5*y - 12 = 0, -5*q = 5*y - a*y - 65. Calculate the greatest common factor of 77 and q.
11
Suppose -3*c - 4*v = -75, -3*v - 6 = -c + 6. What is the greatest common divisor of c and 3?
3
Let t be 4*(2 - (0 + (-2)/4)). What is the greatest common factor of t and 4?
2
Let w(s) be the second derivative of s**4/12 + 2*s**3/3 + 3*s**2 + 6*s. Let o be w(-4). Calculate the greatest common divisor of 48 and o.
6
Suppose 2*s - 2 = s. Let g be 2*-3*(-6)/4. Suppose -3*f + 6 = v, -s*f = v - 0*v - g. What is the greatest common divisor of 165 and v?
15
Suppose -2*p = -3*f + p + 1002, 3*f + 4*p - 1002 = 0. Suppose 3*y + 4*h - f = 0, -551 = -5*y - 2*h + h. Calculate the highest common divisor of y and 10.
10
Suppose -82 - 65 = -3*x + 3*g, g = 5. Let k(a) = 81*a**2 - a + 1. Let c be k(1). What is the greatest common divisor of c and x?
27
Let d(m) = 4*m**3 + 1 + 6*m**2 - 6*m**3 + 3*m**3 + 5*m. Let z be d(-5). Let x be 1 + 1/z*15. Calculate the greatest common divisor of x and 40.
8
Suppose h = 3*h - 8. Let k be (-1 + h - 6) + 201. Calculate the highest common divisor of k and 18.
18
Let a be (-20)/30 - (-32)/3. Suppose -3*t = -a + 1. Calculate the greatest common divisor of 12 and t.
3
Suppose 3*i - 14 = 2*i. Let k be 24/i - (-6)/21. Suppose -3*o - 2*d + 42 = 0, 0 = -5*o - 4*d - 18 + 88. What is the highest common factor of k and o?
2
Let f = 4 + -4. Let b be f + -1 - (-2 + 1). Let l(n) = -n**2 - n + 63. Let d be l(b). What is the greatest common divisor of 9 and d?
9
Suppose -2*s - 2*s = -352. Let g = 1 - -7. What is the highest common factor of s and g?
8
Let d = -10 - -32. Let v(l) = -4*l**3 + l**2 - l - 2. Let n be v(-5). Suppose c = -2*c + n. Calculate the greatest common factor of c and d.
22
Suppose -6*a + 40 = -3*a - 5*o, 0 = 5*a + 5*o - 40. Calculate the highest common factor of a and 25.
5
Suppose l = 2*k - 0*k - 23, 49 = 4*k - 3*l. Let p be 24/14 + 2/7. Suppose -20 = -p*i - 0*i. What is the highest common factor of k and i?
10
Let j be (-82)/(-10) - 2/10. Calculate the greatest common factor of j and 4.
4
Let y(j) = -j**3 - 3*j**2 - 4*j + 5. Let c be y(-3). Let r = 165 + -12. What is the highest common factor of r and c?
17
Suppose 88 = 4*r + 2*h - 0*h, -2*h - 8 = 0. What is the greatest common divisor of 192 and r?
24
Suppose 9 + 7 = 2*x. Suppose 4*u + 4*g = 36, u - x = g - 3. What is the greatest common divisor of 77 and u?
7
Let a(t) be the second derivative of t**4/12 - t**3/2 + t**2 + 3*t. Let q be a(3). Calculate the highest common factor of q and 6.
2
Suppose -p + 0*p + 106 = 2*u, -u - 5*p = -44. Let c be 218/1 + 1 + -3. Let h be (4/6)/(4/c). What is the highest common factor of u and h?
18
Suppose s = -2*s + 27. Calculate the highest common divisor of 27 and s.
9
Let i = 22 - 13. What is the greatest common divisor of 3 and i?
3
Suppose 9*a = 13*a - 48. Calculate the highest common factor of 108 and a.
12
Suppose -2*d = -7*t + 3*t - 38, d - 9 = t. Let a = t - -11. Suppose -2*u = 4*m - 32, -5*u = -2*m - 0*m + 40. Calculate the greatest common factor of m and a.
1
Let s be 3/(-12) + 123/12. Suppose -4 = -2*d - 3*b - b, d = -3*b - 2. What is the greatest common divisor of d and s?
10
Let l(u) = -9*u - 7. Let m be l(-5). Calculate the highest common factor of m and 95.
19
Let c be (-1 + 0)/((-88)/(-30) + -3). Calculate the highest common factor of c and 75.
15
Let a(c) = -c**3 - c**2 + c - 2. Let z be a(-4). Calculate the highest common divisor of 21 and z.
21
Let z(s) = s**3 + s - 2*s + 4 + 2*s. Let n be z(0). Calculate the greatest common factor of n and 12.
4
Suppose -5*w - 15 = 0, 2*w + 48 = -4*f - 2*w. Let j = 14 + f. Suppose -2*k - 31 = -3*x + 46, -x - 2*k = -23. Calculate the greatest common factor of x and j.
5
Suppose -p + 17 = 4*t - 22, -44 = -p - 5*t. Calculate the highest common divisor of p and 19.
19
Let u = -26 - -30. Calculate the greatest common factor of u and 40.
4
Let f(c) = 28*c. Let y be f(-1). Let u = 39 + y. What is the highest common factor of u and 99?
11
Let g(u) = u + 8. Let m be g(-5). Suppose -23 = -2*n + b, 5*n + 3 = -m*b + 55. What is the highest common factor of n and 44?
11
Let z be (-3 + 28/8)*12. Let v = 29 - 23. What is the highest common divisor of v and z?
6
Let s = -1 - -4. Let q(r) = 27*r + 29. Let g be q(-1). What is the highest common factor of s and g?
1
Let c = 216 + -40. What is the greatest common factor of c and 16?
16
Let l be 2*-3 + 4/2. Let b be 123/18 + 1/6. Let h = b - l. What is the greatest common divisor of 11 and h?
11
Let j = 26 - -94. Let u(s) = -s**2 + s - 2. Let f be u(0). Let v be (23 - -1)*f/(-4). What is the highest common divisor of j and v?
12
Let y be (-56)/(-21)*63/12. Let f = 29 - 8. What is the greatest common factor 